undreds digit of 16445?
4
What is the tens digit of 950?
5
What is the tens digit of 9760?
6
What is the tens digit of 82606?
0
What is the units digit of 934?
4
What is the tens digit of 17935?
3
What is the thousands digit of 1075?
1
What is the tens digit of 46317?
1
What is the hundreds digit of 31782?
7
What is the tens digit of 163?
6
What is the thousands digit of 8511?
8
What is the units digit of 1404?
4
What is the units digit of 360?
0
What is the tens digit of 20520?
2
What is the thousands digit of 3832?
3
What is the units digit of 344?
4
What is the hundreds digit of 26596?
5
What is the units digit of 586?
6
What is the hundreds digit of 1872?
8
What is the tens digit of 716?
1
What is the ten thousands digit of 85258?
8
What is the hundreds digit of 17452?
4
What is the units digit of 11513?
3
What is the units digit of 5459?
9
What is the units digit of 685?
5
What is the tens digit of 1769?
6
What is the ten thousands digit of 41662?
4
What is the hundreds digit of 277?
2
What is the thousands digit of 1344?
1
What is the hundreds digit of 2515?
5
What is the thousands digit of 33895?
3
What is the tens digit of 26739?
3
What is the hundreds digit of 864?
8
What is the tens digit of 4631?
3
What is the tens digit of 782?
8
What is the units digit of 634?
4
What is the ten thousands digit of 117783?
1
What is the units digit of 10666?
6
What is the units digit of 1239?
9
What is the tens digit of 252?
5
What is the ten thousands digit of 29495?
2
What is the units digit of 809?
9
What is the thousands digit of 1271?
1
What is the hundreds digit of 345?
3
What is the units digit of 7850?
0
What is the hundreds digit of 81182?
1
What is the ten thousands digit of 11808?
1
What is the thousands digit of 36034?
6
What is the thousands digit of 2044?
2
What is the hundreds digit of 53654?
6
What is the hundreds digit of 22898?
8
What is the thousands digit of 12145?
2
What is the thousands digit of 19789?
9
What is the units digit of 340?
0
What is the units digit of 1064?
4
What is the hundreds digit of 13036?
0
What is the tens digit of 136?
3
What is the hundreds digit of 5592?
5
What is the thousands digit of 1392?
1
What is the units digit of 40644?
4
What is the hundreds digit of 871?
8
What is the tens digit of 3060?
6
What is the tens digit of 7206?
0
What is the ten thousands digit of 38327?
3
What is the thousands digit of 69266?
9
What is the thousands digit of 35455?
5
What is the units digit of 12322?
2
What is the units digit of 1636?
6
What is the hundreds digit of 19860?
8
What is the units digit of 976?
6
What is the thousands digit of 7449?
7
What is the ten thousands digit of 93647?
9
What is the hundreds digit of 1130?
1
What is the hundreds digit of 79344?
3
What is the thousands digit of 2673?
2
What is the units digit of 107?
7
What is the thousands digit of 6809?
6
What is the thousands digit of 27661?
7
What is the tens digit of 32616?
1
What is the thousands digit of 4698?
4
What is the units digit of 180?
0
What is the units digit of 10089?
9
What is the ten thousands digit of 12254?
1
What is the units digit of 477?
7
What is the thousands digit of 51908?
1
What is the thousands digit of 24717?
4
What is the units digit of 991?
1
What is the thousands digit of 26915?
6
What is the hundreds digit of 970?
9
What is the units digit of 10013?
3
What is the units digit of 1135?
5
What is the thousands digit of 1662?
1
What is the tens digit of 8358?
5
What is the tens digit of 3870?
7
What is the thousands digit of 83013?
3
What is the tens digit of 476?
7
What is the thousands digit of 3126?
3
What is the units digit of 30746?
6
What is the thousands digit of 4941?
4
What is the units digit of 22991?
1
What is the units digit of 519?
9
What is the tens digit of 43677?
7
What is the hundreds digit of 90440?
4
What is the hundreds digit of 7667?
6
What is the ten thousands digit of 39912?
3
What is the ten thousands digit of 13836?
1
What is the tens digit of 1088?
8
What is the units digit of 925?
5
What is the tens digit of 18063?
6
What is the units digit of 7989?
9
What is the units digit of 641?
1
What is the tens digit of 1347?
4
What is the units digit of 42385?
5
What is the units digit of 12629?
9
What is the tens digit of 1011?
1
What is the thousands digit of 6732?
6
What is the units digit of 2067?
7
What is the thousands digit of 6979?
6
What is the units digit of 8121?
1
What is the thousands digit of 1360?
1
What is the hundreds digit of 418?
4
What is the hundreds digit of 785?
7
What is the thousands digit of 14201?
4
What is the thousands digit of 1556?
1
What is the units digit of 1759?
9
What is the tens digit of 2686?
8
What is the units digit of 36301?
1
What is the hundreds digit of 13804?
8
What is the units digit of 9258?
8
What is the hundreds digit of 1781?
7
What is the units digit of 2216?
6
What is the thousands digit of 65554?
5
What is the units digit of 395?
5
What is the tens digit of 2052?
5
What is the thousands digit of 3000?
3
What is the hundreds digit of 1598?
5
What is the hundreds digit of 26314?
3
What is the units digit of 1344?
4
What is the tens digit of 869?
6
What is the units digit of 2243?
3
What is the thousands digit of 3890?
3
What is the thousands digit of 115944?
5
What is the tens digit of 2754?
5
What is the units digit of 4687?
7
What is the tens digit of 20347?
4
What is the units digit of 125929?
9
What is the units digit of 2539?
9
What is the hundreds digit of 9238?
2
What is the thousands digit of 2798?
2
What is the hundreds digit of 1172?
1
What is the thousands digit of 9310?
9
What is the hundreds digit of 171?
1
What is the units digit of 20065?
5
What is the thousands digit of 14506?
4
What is the thousands digit of 2715?
2
What is the hundreds digit of 1112?
1
What is the thousands digit of 22100?
2
What is the units digit of 17831?
1
What is the thousands digit of 1308?
1
What is the tens digit of 5727?
2
What is the tens digit of 70847?
4
What is the tens digit of 823?
2
What is the hundreds digit of 754?
7
What is the units digit of 18041?
1
What is the ten thousands digit of 15039?
1
What is the ten thousands digit of 36915?
3
What is the tens digit of 2842?
4
What is the tens digit of 2471?
7
What is the ten thousands digit of 60006?
6
What is the tens digit of 3917?
1
What is the tens digit of 3398?
9
What is the tens digit of 6310?
1
What is the units digit of 19337?
7
What is the hundreds digit of 13718?
7
What is the hundreds digit of 111305?
3
What is the tens digit of 5188?
8
What is the tens digit of 117193?
9
What is the tens digit of 7712?
1
What is the tens digit of 356?
5
What is the units digit of 28823?
3
What is the hundreds digit of 11101?
1
What is the tens digit of 740?
4
What is the ten thousands digit of 17123?
1
What is the units digit of 16032?
2
What is the tens digit of 2270?
7
What is the tens digit of 2359?
5
What is the units digit of 537?
7
What is the tens digit of 647?
4
What is the hundreds digit of 13266?
2
What is the hundreds digit of 1267?
2
What is the thousands digit of 2148?
2
What is the hundreds digit of 41160?
1
What is the hundreds digit of 303?
3
What is the units digit of 15518?
8
What is the thousands digit of 1412?
1
What is the units digit of 515?
5
What is the hundreds digit of 19727?
7
What is the hundreds digit of 90198?
1
What is the ten thousands digit of 36272?
3
What is the ten thousands digit of 11638?
1
What is the tens digit of 444?
4
What is the tens digit of 710?
1
What is the tens digit of 12480?
8
What is the tens digit of 1082?
8
What is the tens digit of 786?
8
What is the units digit of 704?
4
What is the thousands digit of 1526?
1
What is the units digit of 34604?
4
What is the tens digit of 247?
4
What is the hundreds digit of 535?
5
What is the hundreds digit of 797?
7
What is the hundreds digit of 689?
6
What is the units digit of 1592?
2
What is the tens digit of 4726?
2
What is the units digit of 4215?
5
What is the units digit of 16135?
5
What is the tens digit of 73593?
9
What is the thousands digit of 73254?
3
What is the units digit of 33031?
1
What is the tens digit of 942?
4
What is the tens digit of 35823?
2
What is the thousands digit of 35002?
5
What is 